{"id":112,"date":"2014-02-06T00:07:50","date_gmt":"2014-02-05T22:07:50","guid":{"rendered":"http:\/\/www.reitverein-griesheim.de\/?page_id=112"},"modified":"2017-01-26T21:05:20","modified_gmt":"2017-01-26T19:05:20","slug":"impressum-und-disclaimer","status":"publish","type":"page","link":"https:\/\/www.reitverein-griesheim.de\/?page_id=112","title":{"rendered":"Kontakt, Impressum und Disclaimer"},"content":{"rendered":"<p>RuF Griesheim e.V.<\/p>\n<p>Friedelinde Kohl<br \/>\nOberndorfer Str. 16<br \/>\n64347 Griesheim<br \/>\nTel: 06155\/2920 oder 0170\/5310554<\/p>\n<p>Emailadressen:<\/p>\n<p>Alles rund um die Mitgliedschaft:<br \/>\nkasse(at)reitverein-griesheim.de<\/p>\n<p>Meldung von Neuigkeiten zur Ver\u00f6ffentlichung auf der Webseite:<br \/>\nnews(at)reitverein-griesheim.de<\/p>\n<p>Fotos und Anregungen f\u00fcr die Website:<br \/>\nkathrin(at)techel.de<\/p>\n<p>Nachrichten an den Webadministrator:<br \/>\nadmin(at)reitverein-griesheim.de<\/p>\n<p>F\u00fcr alles andere:<br \/>\npost(at)reitverein-griesheim.de<\/p>\n<p>&nbsp;<\/p>\n<p>Der Reitverein \u00fcberpr\u00fcft und aktualisiert den Inhalt seiner Website st\u00e4ndig. Trotz aller Sorgfalt k\u00f6nnen sich die Informationen zwischenzeitlich ver\u00e4ndert haben. Eine Haftung oder Garantie f\u00fcr die Aktualit\u00e4t, Richtigkeit und Vollst\u00e4ndigkeit kann daher nicht \u00fcbernommen werden. Dies gilt auch f\u00fcr alle Webseiten von dritten Anbietern, auf die via Hyperlink verwiesen wird. Der Reitverein ist f\u00fcr den Inhalt der Webseiten, auf die Hyperlinks verweisen, nicht verantwortlich.<br \/>\nDes Weiteren beh\u00e4lt sich der Reitverein das Recht vor, \u00c4nderungen oder Erg\u00e4nzungen der bereitgestellten Informationen vorzunehmen.<\/p>\n<p>Fotos, Text und Pflege der Website :<\/p>\n<p>Kathrin Techel<br \/>\nkathrin(at)techel.de<\/p>\n<p>&nbsp;<\/p>\n","protected":false},"excerpt":{"rendered":"<p>RuF Griesheim e.V. Friedelinde Kohl Oberndorfer Str. 16 64347 Griesheim Tel: 06155\/2920 oder 0170\/5310554 Emailadressen: Alles rund um die Mitgliedschaft: kasse(at)reitverein-griesheim.de Meldung von Neuigkeiten zur Ver\u00f6ffentlichung auf der Webseite: news(at)reitverein-griesheim.de Fotos und Anregungen f\u00fcr die Website: kathrin(at)techel.de Nachrichten an den &hellip; <a href=\"https:\/\/www.reitverein-griesheim.de\/?page_id=112\">Weiterlesen <span class=\"meta-nav\">&rarr;<\/span><\/a><\/p>\n","protected":false},"author":2,"featured_media":0,"parent":0,"menu_order":0,"comment_status":"closed","ping_status":"closed","template":"","meta":{"footnotes":""},"class_list":["post-112","page","type-page","status-publish","hentry"],"publishpress_future_action":{"enabled":false,"date":"2026-04-24 06:05:53","action":"change-status","newStatus":"draft","terms":[],"taxonomy":"","extraData":[]},"publishpress_future_workflow_manual_trigger":{"enabledWorkflows":[]},"_links":{"self":[{"href":"https:\/\/www.reitverein-griesheim.de\/index.php?rest_route=\/wp\/v2\/pages\/112","targetHints":{"allow":["GET"]}}],"collection":[{"href":"https:\/\/www.reitverein-griesheim.de\/index.php?rest_route=\/wp\/v2\/pages"}],"about":[{"href":"https:\/\/www.reitverein-griesheim.de\/index.php?rest_route=\/wp\/v2\/types\/page"}],"author":[{"embeddable":true,"href":"https:\/\/www.reitverein-griesheim.de\/index.php?rest_route=\/wp\/v2\/users\/2"}],"replies":[{"embeddable":true,"href":"https:\/\/www.reitverein-griesheim.de\/index.php?rest_route=%2Fwp%2Fv2%2Fcomments&post=112"}],"version-history":[{"count":5,"href":"https:\/\/www.reitverein-griesheim.de\/index.php?rest_route=\/wp\/v2\/pages\/112\/revisions"}],"predecessor-version":[{"id":556,"href":"https:\/\/www.reitverein-griesheim.de\/index.php?rest_route=\/wp\/v2\/pages\/112\/revisions\/556"}],"wp:attachment":[{"href":"https:\/\/www.reitverein-griesheim.de\/index.php?rest_route=%2Fwp%2Fv2%2Fmedia&parent=112"}],"curies":[{"name":"wp","href":"https:\/\/api.w.org\/{rel}","templated":true}]}}